{"id":57,"date":"2020-04-15T12:20:58","date_gmt":"2020-04-15T10:20:58","guid":{"rendered":"http:\/\/www.isg-gmbh.at\/?page_id=57"},"modified":"2020-05-27T18:49:33","modified_gmt":"2020-05-27T16:49:33","slug":"schleifkoerper","status":"publish","type":"page","link":"http:\/\/isg-gmbh.at\/?page_id=57","title":{"rendered":"Schleifk\u00f6rper"},"content":{"rendered":"<div class=\"vce-row-container\"><div class=\"vce-row vce-row--col-gap-30 vce-row-columns--top vce-row-content--top\" id=\"el-344f7231\" data-vce-do-apply=\"all el-344f7231\"><div class=\"vce-row-content\" data-vce-element-content=\"true\"><div class=\"vce-col vce-col--md-auto vce-col--xs-1 vce-col--xs-last vce-col--xs-first vce-col--sm-last vce-col--sm-first vce-col--md-first vce-col--lg-first vce-col--xl-first\" id=\"el-d2432ec7\"><div class=\"vce-col-inner\" data-vce-do-apply=\"border margin background  el-d2432ec7\"><div class=\"vce-col-content\" data-vce-element-content=\"true\" data-vce-do-apply=\"padding el-d2432ec7\"><div class=\"vce-text-block\"><div class=\"vce-text-block-wrapper vce\" id=\"el-743d4714\" data-vce-do-apply=\"all el-743d4714\">\n<p><em>\u00f6koDENT<\/em> bietet <strong>Diamantschleifinstrumente<\/strong>, sowie <strong>Hartmetallinstrumente<\/strong> f\u00fcr den t\u00e4glichen Gebrauch.<\/p>\n\n\n\n<p>Die <strong>Diamantschleifinstrumente<\/strong> sind in jeweils 6 verschiedenen K\u00f6rnungen erh\u00e4ltlich. Jedes der FG-Standardinstrumente ist ebenso in den Grundschaftarten FG-Mini (vorwiegend Kinderzahlheilkunde), RA (Schnelll\u00e4ufer) und HO (Technikerhandst\u00fcck) verf\u00fcgbar. Turbo-Diamantinstrumente, Zirkon-Spezialschleifer, TiN-beschichtete Instrumente, Diamantinstrumente mit FGXL Schaft, Mikropr\u00e4paration, F\u00fchrungsdorninstrumente, SUPRA-Diamantschleifinstrumente und Kronentrenner auf Diamantbasis runden das Sortiment ab.<\/p>\n\n\n\n<p>Die <strong>Hartmetallinstrumente<\/strong> aus hochwertigem Feinstkorn-Hartmetall mit dem richtigen Ma\u00df an Kobalt als Bindemittel \u00fcberzeugen durch eine gro\u00dfe Auswahl an anwenderorientierten Formen und innovativen Schneidegeometrien. Das Sortiment umfasst unter anderem Hartmetall-Bohrer, Periodontinstrumente Hartmetall \/ \u00f6ko-Cleaner, Kronentrenner, Klebstoffentferner und Hartmetall-Finierer.<\/p>\n\n\n\n<p>N\u00e4here Informationen unter: <a href=\"https:\/\/oekodent.de\/de\/\">https:\/\/oekodent.de\/de\/<\/a><\/p>\n<\/div><\/div><\/div><\/div><\/div><div class=\"vce-col vce-col--md-auto vce-col--xs-1 vce-col--xs-last vce-col--xs-first vce-col--sm-last vce-col--sm-first vce-col--md-last vce-col--lg-last vce-col--xl-last\" id=\"el-455eeede\"><div class=\"vce-col-inner\" data-vce-do-apply=\"border margin background  el-455eeede\"><div class=\"vce-col-content\" data-vce-element-content=\"true\" data-vce-do-apply=\"padding el-455eeede\"><div class=\"vce-text-block\"><div class=\"vce-text-block-wrapper vce\" id=\"el-3e870db2\" data-vce-do-apply=\"all el-3e870db2\"><h2>&nbsp;<\/h2>\n<p>&nbsp;<\/p><\/div><\/div><div class=\"vce-single-image-container vce-single-image--align-center\"><div class=\"vce vce-single-image-wrapper\" id=\"el-905c2f2c\" data-vce-do-apply=\"all el-905c2f2c\"><figure><div class=\"vce-single-image-inner vce-single-image--absolute\" style=\"padding-bottom: 70.76923076923077%; width: 130px;\"><img class=\"vce-single-image\" width=\"130\" height=\"92\"src=\"http:\/\/isg-gmbh.at\/wp-content\/uploads\/2020\/05\/Diamanten-130x92.jpg\" srcset=\"http:\/\/isg-gmbh.at\/wp-content\/uploads\/2020\/05\/Diamanten-130x92.jpg 130w\" data-img-src=\"http:\/\/isg-gmbh.at\/wp-content\/uploads\/2020\/05\/Diamanten.jpg\" alt=\"\" title=\"Diamanten\" \/><\/div><figcaption hidden=\"\"><\/figcaption><\/figure><\/div><\/div><div class=\"vce-text-block\"><div class=\"vce-text-block-wrapper vce\" id=\"el-5379abf2\" data-vce-do-apply=\"all el-5379abf2\"><p>&nbsp;<\/p>\n<p>&nbsp;<\/p><\/div><\/div><div class=\"vce-single-image-container vce-single-image--align-center\"><div class=\"vce vce-single-image-wrapper\" id=\"el-a48eb61e\" data-vce-do-apply=\"all el-a48eb61e\"><figure><div class=\"vce-single-image-inner vce-single-image--absolute\" style=\"padding-bottom: 70.76923076923077%; width: 130px;\"><img class=\"vce-single-image\" width=\"130\" height=\"92\"src=\"http:\/\/isg-gmbh.at\/wp-content\/uploads\/2020\/05\/Hartmetall-130x92.jpg\" srcset=\"http:\/\/isg-gmbh.at\/wp-content\/uploads\/2020\/05\/Hartmetall-130x92.jpg 130w\" data-img-src=\"http:\/\/isg-gmbh.at\/wp-content\/uploads\/2020\/05\/Hartmetall.jpg\" alt=\"\" title=\"Hartmetall\" \/><\/div><figcaption hidden=\"\"><\/figcaption><\/figure><\/div><\/div><\/div><\/div><\/div><\/div><\/div><\/div>","protected":false},"excerpt":{"rendered":"<p>\u00f6koDENT bietet Diamantschleifinstrumente, sowie Hartmetallinstrumente f\u00fcr den t\u00e4glichen Gebrauch. Die Diamantschleifinstrumente sind in jeweils 6 verschiedenen K\u00f6rnungen erh\u00e4ltlich. Jedes der FG-Standardinstrumente ist ebenso in den Grundschaftarten FG-Mini (vorwiegend Kinderzahlheilkunde), RA (Schnelll\u00e4ufer) und HO (Technikerhandst\u00fcck) verf\u00fcgbar. Turbo-Diamantinstrumente, Zirkon-Spezialschleifer, TiN-beschichtete Instrumente, Diamantinstrumente mit FGXL Schaft, Mikropr\u00e4paration, F\u00fchrungsdorninstrumente, SUPRA-Diamantschleifinstrumente und Kronentrenner auf Diamantbasis runden das Sortiment ab. Die [&hellip;]<\/p>\n","protected":false},"author":1,"featured_media":0,"parent":0,"menu_order":5,"comment_status":"closed","ping_status":"closed","template":"templates\/flexible-pro-services.php","meta":[],"_links":{"self":[{"href":"http:\/\/isg-gmbh.at\/index.php?rest_route=\/wp\/v2\/pages\/57"}],"collection":[{"href":"http:\/\/isg-gmbh.at\/index.php?rest_route=\/wp\/v2\/pages"}],"about":[{"href":"http:\/\/isg-gmbh.at\/index.php?rest_route=\/wp\/v2\/types\/page"}],"author":[{"embeddable":true,"href":"http:\/\/isg-gmbh.at\/index.php?rest_route=\/wp\/v2\/users\/1"}],"replies":[{"embeddable":true,"href":"http:\/\/isg-gmbh.at\/index.php?rest_route=%2Fwp%2Fv2%2Fcomments&post=57"}],"version-history":[{"count":0,"href":"http:\/\/isg-gmbh.at\/index.php?rest_route=\/wp\/v2\/pages\/57\/revisions"}],"wp:attachment":[{"href":"http:\/\/isg-gmbh.at\/index.php?rest_route=%2Fwp%2Fv2%2Fmedia&parent=57"}],"curies":[{"name":"wp","href":"https:\/\/api.w.org\/{rel}","templated":true}]}}