{"id":58,"date":"2020-04-15T12:21:44","date_gmt":"2020-04-15T10:21:44","guid":{"rendered":"http:\/\/www.isg-gmbh.at\/?page_id=58"},"modified":"2020-07-09T11:01:28","modified_gmt":"2020-07-09T09:01:28","slug":"mundhygiene","status":"publish","type":"page","link":"http:\/\/isg-gmbh.at\/?page_id=58","title":{"rendered":"Mundhygiene"},"content":{"rendered":"<div class=\"vce-row-container\"><div class=\"vce-row vce-row--col-gap-30 vce-row-columns--top vce-row-content--top\" id=\"el-52b8e5cb\" data-vce-do-apply=\"all el-52b8e5cb\"><div class=\"vce-row-content\" data-vce-element-content=\"true\"><div class=\"vce-col vce-col--md-auto vce-col--xs-1 vce-col--xs-last vce-col--xs-first vce-col--sm-last vce-col--sm-first vce-col--md-first vce-col--lg-first vce-col--xl-first\" id=\"el-b0879e0e\"><div class=\"vce-col-inner\" data-vce-do-apply=\"border margin background  el-b0879e0e\"><div class=\"vce-col-content\" data-vce-element-content=\"true\" data-vce-do-apply=\"padding el-b0879e0e\"><div class=\"vce-text-block\"><div class=\"vce-text-block-wrapper vce\" id=\"el-ff9afdd8\" data-vce-do-apply=\"all el-ff9afdd8\">\n<p>F\u00fcr die professionelle Zahnreinigung werden <strong>Airscaler<\/strong>, <strong>Airflow<\/strong>, <strong>Bleaching<\/strong>, <strong>Kombi-Ger\u00e4t<\/strong> und <strong>Prophylaxe-Winkelst\u00fcck<\/strong> gebraucht.<\/p>\n\n<p>Der <strong>Airscaler<\/strong> mit schlanker Spitze und einem breiten Sortiment an Aufs\u00e4tzen erm\u00f6glicht freie Sicht und einfache Erreichbarkeit des Behandlungsfeldes. Mittels leichtg\u00e4ngigem Power-Control-Ring k\u00f6nnen drei Leistungsstufen f\u00fcr unterschiedliche Anforderungen ausgew\u00e4hlt werden. Der Airscaler liefert bei Benutzung auf einer NSK LED-Kupplung LED-Licht und erm\u00f6glicht dadurch die Behandlung mit Tageslichtqualit\u00e4t. Das reduzierte Gewicht und die ausbalancierte Form des korrosionsresistenten Titank\u00f6rpers verleihen dem Airscaler ein besonders taktiles Griffgef\u00fchl.<\/p>\n\n<p>Der&nbsp;<strong>Airflow<\/strong>&nbsp;zeichnet sich durch hervorragende Gewichtsbalance, sowie durch eine leichte und kompakte Pulverkammer aus. Durch die Original-NSK-Doppeld\u00fcse wird eine h\u00f6here Polierleistung erreicht und durch den leistungsstarken Pulverstrahl die Reinigungs- und Behandlungszeit verk\u00fcrzt. Die reibungslose, leichtg\u00e4ngige 360 Grad-Drehkupplung erm\u00f6glicht feinste Bewegungen und m\u00fchelose Anpassung des Anstellwinkels der Arbeitsspitze. Zwischen zwei D\u00fcsen (60 und 80 Grad) kann ausgew\u00e4hlt werden. Optimale Hygiene ist durch die Autokalvier- und Thermodesinifizierbarkeit gegeben.<\/p>\n\n<p>Das&nbsp;<strong>Kombi-Ger\u00e4t<\/strong> - Ultraschall-Scaler und Pulverstrahl-Ger\u00e4t in einem - f\u00fcr effiziente und komfortable Zahnreinigung und Biofilm-Entfernung. Die iPiezo-Steuerung des Ultraschalls erm\u00f6glicht h\u00f6chste Effizienz f\u00fcr den Behandler, stabiles Scaling ohne Leistungsabf\u00e4lle und ist gleichzeitig f\u00fcr den Patienten sehr angenehm. Die Autotuning-Funktion passt automatisch die Oszillationsfrequenz an und erm\u00f6glicht so das st\u00e4ndige Erf\u00fchlen der Zahnoberfl\u00e4che. Steuerger\u00e4t und Medienkammern sind vollst\u00e4ndig voneinander getrennt und bilden jeweils ein geschlossenes System. Diese k\u00f6nnen mit einem einfachen Handgriff gewechselt werden. Nach der Verwendung k\u00f6nnen die Handst\u00fccke und das Innere der Handst\u00fcckleitungen \u00fcber einen simplen Tastendruck gereinigt werden.<\/p>\n\n<p>Die&nbsp;<strong>Mundhygiene-Winkelst\u00fccke<\/strong>&nbsp;k\u00f6nnen mit unterschiedlichen Eigenschaften ausgestattet sein - Drehzahl (2.500min, 10.000 min), f\u00fcr Provin-\/EVA-Spitzen mit Einrastspannfutter \/ f\u00fcr Schraubkelche und -b\u00fcrsten, mit vertikaler Auf- und Ab-Bewegung, ...<\/p>\n<\/div><\/div><\/div><\/div><\/div><div class=\"vce-col vce-col--md-auto vce-col--xs-1 vce-col--xs-last vce-col--xs-first vce-col--sm-last vce-col--sm-first vce-col--md-last vce-col--lg-last vce-col--xl-last\" id=\"el-ef348b40\"><div class=\"vce-col-inner\" data-vce-do-apply=\"border margin background  el-ef348b40\"><div class=\"vce-col-content\" data-vce-element-content=\"true\" data-vce-do-apply=\"padding el-ef348b40\"><div class=\"vce-single-image-container vce-single-image--align-center\"><div class=\"vce vce-single-image-wrapper\" id=\"el-41d96a52\" data-vce-do-apply=\"all el-41d96a52\"><figure><div class=\"vce-single-image-inner vce-single-image--absolute\" style=\"padding-bottom: 44.3333%; width: 300px;\"><img class=\"vce-single-image\" width=\"300\" height=\"133\"src=\"http:\/\/isg-gmbh.at\/wp-content\/uploads\/2020\/07\/Airscaler-300x133.jpg\" srcset=\"http:\/\/isg-gmbh.at\/wp-content\/uploads\/2020\/07\/Airscaler-300x133.jpg 300w\" data-img-src=\"http:\/\/isg-gmbh.at\/wp-content\/uploads\/2020\/05\/Airscaler.jpg\" alt=\"\" title=\"Airscaler\" \/><\/div><figcaption hidden=\"\"><\/figcaption><\/figure><\/div><\/div><div class=\"vce-single-image-container vce-single-image--align-center\"><div class=\"vce vce-single-image-wrapper\" id=\"el-a2239add\" data-vce-do-apply=\"all el-a2239add\"><figure><div class=\"vce-single-image-inner vce-single-image--absolute\" style=\"padding-bottom: 60%; width: 250px;\"><img class=\"vce-single-image\" width=\"250\" height=\"150\"src=\"http:\/\/isg-gmbh.at\/wp-content\/uploads\/2020\/07\/Airscaler-Aufs\u00e4tze-250x150.jpg\" srcset=\"http:\/\/isg-gmbh.at\/wp-content\/uploads\/2020\/07\/Airscaler-Aufs\u00e4tze-250x150.jpg 250w\" data-img-src=\"http:\/\/isg-gmbh.at\/wp-content\/uploads\/2020\/05\/Airscaler-Aufs\u00e4tze.jpg\" alt=\"\" title=\"Airscaler-Aufs\u00e4tze\" \/><\/div><figcaption hidden=\"\"><\/figcaption><\/figure><\/div><\/div><div class=\"vce-single-image-container vce-single-image--align-center\"><div class=\"vce vce-single-image-wrapper\" id=\"el-3b00c50c\" data-vce-do-apply=\"all el-3b00c50c\"><figure><div class=\"vce-single-image-inner vce-single-image--absolute\" style=\"padding-bottom: 60%; width: 250px;\"><img class=\"vce-single-image\" width=\"250\" height=\"150\"src=\"http:\/\/isg-gmbh.at\/wp-content\/uploads\/2020\/07\/Airflow-250x150.jpg\" srcset=\"http:\/\/isg-gmbh.at\/wp-content\/uploads\/2020\/07\/Airflow-250x150.jpg 250w\" data-img-src=\"http:\/\/isg-gmbh.at\/wp-content\/uploads\/2020\/05\/Airflow.jpg\" alt=\"\" title=\"Airflow\" \/><\/div><figcaption hidden=\"\"><\/figcaption><\/figure><\/div><\/div><div class=\"vce-single-image-container vce-single-image--align-center\"><div class=\"vce vce-single-image-wrapper\" id=\"el-7f24bda9\" data-vce-do-apply=\"all el-7f24bda9\"><figure><div class=\"vce-single-image-inner vce-single-image--absolute\" style=\"padding-bottom: 80%; width: 250px;\"><img class=\"vce-single-image\" width=\"250\" height=\"200\"src=\"http:\/\/isg-gmbh.at\/wp-content\/uploads\/2020\/07\/Kombi-1-250x200.jpg\" srcset=\"http:\/\/isg-gmbh.at\/wp-content\/uploads\/2020\/07\/Kombi-1-250x200.jpg 250w\" data-img-src=\"http:\/\/isg-gmbh.at\/wp-content\/uploads\/2020\/05\/Kombi-1.jpg\" alt=\"\" title=\"Kombi-1\" \/><\/div><figcaption hidden=\"\"><\/figcaption><\/figure><\/div><\/div><div class=\"vce-single-image-container vce-single-image--align-center\"><div class=\"vce vce-single-image-wrapper\" id=\"el-950a1af3\" data-vce-do-apply=\"all el-950a1af3\"><figure><div class=\"vce-single-image-inner vce-single-image--absolute\" style=\"padding-bottom: 80%; width: 250px;\"><img class=\"vce-single-image\" width=\"250\" height=\"200\"src=\"http:\/\/isg-gmbh.at\/wp-content\/uploads\/2020\/07\/Kombi-2-250x200.jpg\" srcset=\"http:\/\/isg-gmbh.at\/wp-content\/uploads\/2020\/07\/Kombi-2-250x200.jpg 250w\" data-img-src=\"http:\/\/isg-gmbh.at\/wp-content\/uploads\/2020\/05\/Kombi-2.jpg\" alt=\"\" title=\"Kombi-2\" \/><\/div><figcaption hidden=\"\"><\/figcaption><\/figure><\/div><\/div><div class=\"vce-single-image-container vce-single-image--align-center\"><div class=\"vce vce-single-image-wrapper\" id=\"el-44d7d65a\" data-vce-do-apply=\"all el-44d7d65a\"><figure><div class=\"vce-single-image-inner vce-single-image--absolute\" style=\"padding-bottom: 53.3333%; width: 300px;\"><img class=\"vce-single-image\" width=\"300\" height=\"160\"src=\"http:\/\/isg-gmbh.at\/wp-content\/uploads\/2020\/07\/Winkelst\u00fcck-300x160.jpg\" srcset=\"http:\/\/isg-gmbh.at\/wp-content\/uploads\/2020\/07\/Winkelst\u00fcck-300x160.jpg 300w\" data-img-src=\"http:\/\/isg-gmbh.at\/wp-content\/uploads\/2020\/05\/Winkelst\u00fcck.jpg\" alt=\"\" title=\"Winkelst\u00fcck\" \/><\/div><figcaption hidden=\"\"><\/figcaption><\/figure><\/div><\/div><\/div><\/div><\/div><\/div><\/div><\/div>","protected":false},"excerpt":{"rendered":"<p>F\u00fcr die professionelle Zahnreinigung werden Airscaler, Airflow, Bleaching, Kombi-Ger\u00e4t und Prophylaxe-Winkelst\u00fcck gebraucht. Der Airscaler mit schlanker Spitze und einem breiten Sortiment an Aufs\u00e4tzen erm\u00f6glicht freie Sicht und einfache Erreichbarkeit des Behandlungsfeldes. Mittels leichtg\u00e4ngigem Power-Control-Ring k\u00f6nnen drei Leistungsstufen f\u00fcr unterschiedliche Anforderungen ausgew\u00e4hlt werden. Der Airscaler liefert bei Benutzung auf einer NSK LED-Kupplung LED-Licht und erm\u00f6glicht dadurch [&hellip;]<\/p>\n","protected":false},"author":1,"featured_media":0,"parent":0,"menu_order":6,"comment_status":"closed","ping_status":"closed","template":"templates\/flexible-pro-services.php","meta":[],"_links":{"self":[{"href":"http:\/\/isg-gmbh.at\/index.php?rest_route=\/wp\/v2\/pages\/58"}],"collection":[{"href":"http:\/\/isg-gmbh.at\/index.php?rest_route=\/wp\/v2\/pages"}],"about":[{"href":"http:\/\/isg-gmbh.at\/index.php?rest_route=\/wp\/v2\/types\/page"}],"author":[{"embeddable":true,"href":"http:\/\/isg-gmbh.at\/index.php?rest_route=\/wp\/v2\/users\/1"}],"replies":[{"embeddable":true,"href":"http:\/\/isg-gmbh.at\/index.php?rest_route=%2Fwp%2Fv2%2Fcomments&post=58"}],"version-history":[{"count":0,"href":"http:\/\/isg-gmbh.at\/index.php?rest_route=\/wp\/v2\/pages\/58\/revisions"}],"wp:attachment":[{"href":"http:\/\/isg-gmbh.at\/index.php?rest_route=%2Fwp%2Fv2%2Fmedia&parent=58"}],"curies":[{"name":"wp","href":"https:\/\/api.w.org\/{rel}","templated":true}]}}