{"id":86,"date":"2020-04-22T14:00:08","date_gmt":"2020-04-22T12:00:08","guid":{"rendered":"http:\/\/www.isg-gmbh.at\/?page_id=86"},"modified":"2020-07-09T11:08:57","modified_gmt":"2020-07-09T09:08:57","slug":"finanzierung","status":"publish","type":"page","link":"http:\/\/isg-gmbh.at\/?page_id=86","title":{"rendered":"Finanzierung"},"content":{"rendered":"\n<p>Der Schritt in die eigene, oder der Neubau einer Ordination ist meist mit einer Menge Geld verbunden. Da dieses nur in den seltensten F\u00e4llen vom Himmel f\u00e4llt, stellen wir gerne Kontakt zu ausgew\u00e4hlten Banken und Leasinganbietern her und unterst\u00fctzen bei den Finanzierungsverhandlungen.<\/p>\n","protected":false},"excerpt":{"rendered":"<p>Der Schritt in die eigene, oder der Neubau einer Ordination ist meist mit einer Menge Geld verbunden. Da dieses nur in den seltensten F\u00e4llen vom Himmel f\u00e4llt, stellen wir gerne Kontakt zu ausgew\u00e4hlten Banken und Leasinganbietern her und unterst\u00fctzen bei den Finanzierungsverhandlungen.<\/p>\n","protected":false},"author":1,"featured_media":0,"parent":0,"menu_order":3,"comment_status":"closed","ping_status":"closed","template":"templates\/flexible-pro-services-three.php","meta":[],"_links":{"self":[{"href":"http:\/\/isg-gmbh.at\/index.php?rest_route=\/wp\/v2\/pages\/86"}],"collection":[{"href":"http:\/\/isg-gmbh.at\/index.php?rest_route=\/wp\/v2\/pages"}],"about":[{"href":"http:\/\/isg-gmbh.at\/index.php?rest_route=\/wp\/v2\/types\/page"}],"author":[{"embeddable":true,"href":"http:\/\/isg-gmbh.at\/index.php?rest_route=\/wp\/v2\/users\/1"}],"replies":[{"embeddable":true,"href":"http:\/\/isg-gmbh.at\/index.php?rest_route=%2Fwp%2Fv2%2Fcomments&post=86"}],"version-history":[{"count":0,"href":"http:\/\/isg-gmbh.at\/index.php?rest_route=\/wp\/v2\/pages\/86\/revisions"}],"wp:attachment":[{"href":"http:\/\/isg-gmbh.at\/index.php?rest_route=%2Fwp%2Fv2%2Fmedia&parent=86"}],"curies":[{"name":"wp","href":"https:\/\/api.w.org\/{rel}","templated":true}]}}