{"id":87,"date":"2020-04-22T14:02:54","date_gmt":"2020-04-22T12:02:54","guid":{"rendered":"http:\/\/www.isg-gmbh.at\/?page_id=87"},"modified":"2020-07-09T11:10:40","modified_gmt":"2020-07-09T09:10:40","slug":"hygiene-schulung","status":"publish","type":"page","link":"http:\/\/isg-gmbh.at\/?page_id=87","title":{"rendered":"Hygiene-Schulung"},"content":{"rendered":"\n<p>Sp\u00e4testens in der weltweiten Corona-Pandemie wurde klar, wie wichtig die korrekte und sorgf\u00e4ltige Reinigung der Ordinationsr\u00e4umlichkeiten ist. Um Ihre AssistentInnen dabei zu unterst\u00fctzen, bieten wir an Ihre Ordination angepasste Hygiene-Schulungen an.<\/p>\n","protected":false},"excerpt":{"rendered":"<p>Sp\u00e4testens in der weltweiten Corona-Pandemie wurde klar, wie wichtig die korrekte und sorgf\u00e4ltige Reinigung der Ordinationsr\u00e4umlichkeiten ist. Um Ihre AssistentInnen dabei zu unterst\u00fctzen, bieten wir an Ihre Ordination angepasste Hygiene-Schulungen an.<\/p>\n","protected":false},"author":1,"featured_media":0,"parent":0,"menu_order":4,"comment_status":"closed","ping_status":"closed","template":"templates\/flexible-pro-services-three.php","meta":[],"_links":{"self":[{"href":"http:\/\/isg-gmbh.at\/index.php?rest_route=\/wp\/v2\/pages\/87"}],"collection":[{"href":"http:\/\/isg-gmbh.at\/index.php?rest_route=\/wp\/v2\/pages"}],"about":[{"href":"http:\/\/isg-gmbh.at\/index.php?rest_route=\/wp\/v2\/types\/page"}],"author":[{"embeddable":true,"href":"http:\/\/isg-gmbh.at\/index.php?rest_route=\/wp\/v2\/users\/1"}],"replies":[{"embeddable":true,"href":"http:\/\/isg-gmbh.at\/index.php?rest_route=%2Fwp%2Fv2%2Fcomments&post=87"}],"version-history":[{"count":0,"href":"http:\/\/isg-gmbh.at\/index.php?rest_route=\/wp\/v2\/pages\/87\/revisions"}],"wp:attachment":[{"href":"http:\/\/isg-gmbh.at\/index.php?rest_route=%2Fwp%2Fv2%2Fmedia&parent=87"}],"curies":[{"name":"wp","href":"https:\/\/api.w.org\/{rel}","templated":true}]}}